{"id":88062001,"date":"2019-11-08T11:47:22","date_gmt":"2019-11-08T11:47:22","guid":{"rendered":"http:\/\/access-basics.de\/index.php\/88062001.html"},"modified":"2019-11-08T11:47:22","modified_gmt":"2019-11-08T11:47:22","slug":"88062001","status":"publish","type":"page","link":"https:\/\/access-im-unternehmen.de\/88062001\/","title":{"rendered":"Access im Unternehmen 06\/2001"},"content":{"rendered":"<h3>Access 2002 &#8211; lohnt sich der Umstieg?<\/h3>\n<p>Die Verk\u00fcrzung der Produktzyklen von Microsoft Office von drei auf zwei Jahre l\u00e4sst zun\u00e4chst einmal darauf hoffen, dass Microsoft eine Menge von Neuerungen auf Lager hat und diese unbedingt der produktiven Klasse zur Verf\u00fcgung stellen m\u00f6chte. Was Access 2002 betrifft, drangen so manche Schlagworte an des Nutzers Ohr: Und alle diese Schlagworte begannen mit den drei Buchstaben XML. Dar\u00fcber hinaus gab es nicht viel zu h\u00f6ren, und auch die Online-Hilfe von Access l\u00e4sst sich die W\u00fcrmer aus der Nase ziehen. Dabei gibt es eine ganze Menge von Neuheiten, die vor allem dem Entwickler von Access-Anwendungen eine Menge Freude bereiten werden.<\/p>\n<p><a href=\"http:\/\/www.access-im-unternehmen.de\/Access_2002__lohnt_sich_der_Umstieg?\">Zum Artikel &#8230;<\/a><\/p>\n<h3>Universelle Navigationsschaltfl\u00e4chen<\/h3>\n<p>Die von Access zur Verf\u00fcgung gestellten Navigationsschaltfl\u00e4chen lassen sich weder in ihrem Aussehen oder ihrer Gr\u00f6\u00dfe ver\u00e4ndern, noch k\u00f6nnen Sie deren Position beeinflussen. Es gibt allerdings gute Gr\u00fcnde, die eben genannten Dinge zu tun und die Navigationsschaltfl\u00e4chen an die eigenen Bed\u00fcrfnisse anzupassen. Im vorliegenden Beitrag erfahren Sie, welche Gr\u00fcnde das sein k\u00f6nnen und wie Sie eigene, flexible Navigationsschaltfl\u00e4chen erstellen, die Sie in beliebige Formulare integrieren k\u00f6nnen.<\/p>\n<p><a href=\"http:\/\/www.access-im-unternehmen.de\/Universelle_Navigationsschaltflaechen\">Zum Artikel &#8230;<\/a><\/p>\n<h3>Feiertage berechnen mit Access<\/h3>\n<p>&#8222;Feiertage berechnen &#8211; wozu soll das denn gut sein?&#8220;, werden Sie sich vielleicht jetzt fragen: &#8222;Die stehen doch alle in meinem Kalender!&#8220; Das ist durchaus richtig, sofern Sie noch nicht dazu \u00fcbergegangen sind, Microsoft Outlook anstelle eines Kalenders zu verwenden. Hier ist es n\u00e4mlich keineswegs selbstverst\u00e4ndlich, dass alle vorhandenen Feiertage auch vermerkt sind. Sie m\u00fcssen der Anwendung erst mitteilen, dass sie auch die Feiertage anzeigen soll. Auch zur Berechnung von Fristen ist die Kenntnis der Feiertage nicht unwichtig &#8211; es ist schlie\u00dflich kein Zufall, dass Sie noch nie an einem Sonn- oder Feiertag ein Buch zur B\u00fccherei zur\u00fcckbringen mussten.<\/p>\n<p><a href=\"http:\/\/www.access-im-unternehmen.de\/Feiertage_berechnen_mit_Access\">Zum Artikel &#8230;<\/a><\/p>\n<h3>Fristen berechnen leicht gemacht<\/h3>\n<p>Das Berechnen des Datums, an dem eine bestimmte Frist abgelaufen ist, sollte normalerweise keine besondere Schwierigkeit sein. Man nimmt das Anfangsdatum, addiert die gew\u00fcnschte Anzahl Tage auf das Startdatum auf und &#8211; Pech gehabt! Leider auf einem Samstag oder Sonntag gelandet. Und f\u00fcr die fristgerechte \u00dcberweisung von Rechnungen an einem Samstag oder Sonntag kann man selbst im Zeitalter des Online-Banking nicht jeden begeistern. Also flugs das Datum auf den n\u00e4chsten Montag ge\u00e4ndert und fertig &#8211; aber muss das denn alles von Hand passieren? Nein. Mit den im Folgenden vorgestellten Methoden legen Sie jedes Ende einer Frist auf einen Wochentag. Und am Beispiel einer B\u00fccherei erfahren Sie, wie die Methoden anzuwenden sind.<\/p>\n<p><a href=\"http:\/\/www.access-im-unternehmen.de\/Fristen_berechnen_leicht_gemacht\">Zum Artikel &#8230;<\/a><\/p>\n<h3>Bildverwaltung in Access<\/h3>\n<p>Mit Microsoft Access k\u00f6nnen nicht nur die \u00fcblichen Daten wie Nachname, Vorname oder Artikelnummern, sondern beispielsweise auch Bilder gespeichert und mit der entsprechenden Funktionalit\u00e4t verwaltet werden. Typische Anwendungsbeispiele daf\u00fcr sind beispielsweise Abildungen zu Artikeln und Produkten oder auch nur ein reines Bildarchiv.<\/p>\n<p><a href=\"http:\/\/www.access-im-unternehmen.de\/Bildverwaltung_in_Access\">Zum Artikel &#8230;<\/a><\/p>\n<h3>Der Euro-Assistent<\/h3>\n<p>Es ist eine Binsenweisheit, dass gro\u00dfe Entscheidungen einen Rattenschwanz von Konsequenzen auch im Kleinen nach sich ziehen k\u00f6nnen. Bezogen auf die Einf\u00fchrung des Euro und Microsoft Access bedeutet das beispielsweise, dass mit Sicherheit eine Unmenge von W\u00e4hrungsfeldern in Access-Tabellen auf die neue W\u00e4hrung umgestellt werden m\u00fcssen. Schlie\u00dflich muss in vielen Datenbankanwendungen mit diesen Feldern genau gerechnet werden. In diesem Beitrag lernen Sie einen Assistenten kennen, der Ihnen bei der W\u00e4hrungsumstellung Ihrer Access-Datenbank behilflich ist.<\/p>\n<p><a href=\"http:\/\/www.access-im-unternehmen.de\/Der_EuroAssistent\">Zum Artikel &#8230;<\/a><\/p>\n<h3>Tipps und Tricks 6\/2001<\/h3>\n<p>Diese Zusammenstellung von Tipps und Tricks behandelt die folgenden Themen:<br \/>\n&#8211; Diskette, wo bist Du?<br \/>\n&#8211; Der Schl\u00fcssel zur Zeit<br \/>\n&#8211; Tage eines Monats bestimmen<br \/>\n&#8211; Grenzfall<br \/>\n&#8211; Anzahl der Kalenderwochen pro Jahr ermitteln<br \/>\n&#8211; Dateipfade zerlegen<\/p>\n<p><a href=\"http:\/\/www.access-im-unternehmen.de\/Tipps_und_Tricks_6\/2001\">Zum Artikel &#8230;<\/a><\/p>\n","protected":false},"excerpt":{"rendered":"<p>Access 2002 &#8211; lohnt sich der Umstieg? Die Verk\u00fcrzung der Produktzyklen von Microsoft Office von drei auf zwei Jahre l\u00e4sst zun\u00e4chst einmal darauf hoffen, dass Microsoft eine Menge von Neuerungen auf Lager hat und diese<\/p>\n","protected":false},"author":1,"featured_media":0,"parent":0,"menu_order":0,"comment_status":"closed","ping_status":"closed","template":"","meta":{"om_disable_all_campaigns":false,"_monsterinsights_skip_tracking":false,"_monsterinsights_sitenote_active":false,"_monsterinsights_sitenote_note":"","_monsterinsights_sitenote_category":0,"_uf_show_specific_survey":0,"_uf_disable_surveys":false,"footnotes":""},"class_list":["post-88062001","page","type-page","status-publish","hentry"],"yoast_head":"<!-- This site is optimized with the Yoast SEO Premium plugin v20.9 (Yoast SEO v27.5) - https:\/\/yoast.com\/product\/yoast-seo-premium-wordpress\/ -->\n<title>Access im Unternehmen 06\/2001 - Access im Unternehmen<\/title>\n<meta name=\"robots\" content=\"noindex, follow\" \/>\n<meta property=\"og:locale\" content=\"de_DE\" \/>\n<meta property=\"og:type\" content=\"article\" \/>\n<meta property=\"og:title\" content=\"Access im Unternehmen 06\/2001\" \/>\n<meta property=\"og:description\" content=\"Access 2002 &#8211; lohnt sich der Umstieg? Die Verk\u00fcrzung der Produktzyklen von Microsoft Office von drei auf zwei Jahre l\u00e4sst zun\u00e4chst einmal darauf hoffen, dass Microsoft eine Menge von Neuerungen auf Lager hat und diese\" \/>\n<meta property=\"og:url\" content=\"https:\/\/access-im-unternehmen.de\/88062001\/\" \/>\n<meta property=\"og:site_name\" content=\"Access im Unternehmen\" \/>\n<meta name=\"twitter:card\" content=\"summary_large_image\" \/>\n<meta name=\"twitter:label1\" content=\"Gesch\u00e4tzte Lesezeit\" \/>\n\t<meta name=\"twitter:data1\" content=\"3\u00a0Minuten\" \/>\n<script type=\"application\/ld+json\" class=\"yoast-schema-graph\">{\"@context\":\"https:\\\/\\\/schema.org\",\"@graph\":[{\"@type\":\"WebPage\",\"@id\":\"https:\\\/\\\/access-im-unternehmen.de\\\/88062001\\\/\",\"url\":\"https:\\\/\\\/access-im-unternehmen.de\\\/88062001\\\/\",\"name\":\"Access im Unternehmen 06\\\/2001 - Access im Unternehmen\",\"isPartOf\":{\"@id\":\"https:\\\/\\\/access-im-unternehmen.de\\\/#website\"},\"datePublished\":\"2019-11-08T11:47:22+00:00\",\"breadcrumb\":{\"@id\":\"https:\\\/\\\/access-im-unternehmen.de\\\/88062001\\\/#breadcrumb\"},\"inLanguage\":\"de\",\"potentialAction\":[{\"@type\":\"ReadAction\",\"target\":[\"https:\\\/\\\/access-im-unternehmen.de\\\/88062001\\\/\"]}]},{\"@type\":\"BreadcrumbList\",\"@id\":\"https:\\\/\\\/access-im-unternehmen.de\\\/88062001\\\/#breadcrumb\",\"itemListElement\":[{\"@type\":\"ListItem\",\"position\":1,\"name\":\"Home\",\"item\":\"https:\\\/\\\/access-im-unternehmen.de\\\/\"},{\"@type\":\"ListItem\",\"position\":2,\"name\":\"Access im Unternehmen 06\\\/2001\"}]},{\"@type\":\"WebSite\",\"@id\":\"https:\\\/\\\/access-im-unternehmen.de\\\/#website\",\"url\":\"https:\\\/\\\/access-im-unternehmen.de\\\/\",\"name\":\"Access im Unternehmen\",\"description\":\"Das Magazin f\u00fcr Datenbankentwickler auf Basis von Microsoft Access\",\"publisher\":{\"@id\":\"https:\\\/\\\/access-im-unternehmen.de\\\/#organization\"},\"potentialAction\":[{\"@type\":\"SearchAction\",\"target\":{\"@type\":\"EntryPoint\",\"urlTemplate\":\"https:\\\/\\\/access-im-unternehmen.de\\\/?s={search_term_string}\"},\"query-input\":{\"@type\":\"PropertyValueSpecification\",\"valueRequired\":true,\"valueName\":\"search_term_string\"}}],\"inLanguage\":\"de\"},{\"@type\":\"Organization\",\"@id\":\"https:\\\/\\\/access-im-unternehmen.de\\\/#organization\",\"name\":\"Andr\u00e9 Minhorst Verlag\",\"url\":\"https:\\\/\\\/access-im-unternehmen.de\\\/\",\"logo\":{\"@type\":\"ImageObject\",\"inLanguage\":\"de\",\"@id\":\"https:\\\/\\\/access-im-unternehmen.de\\\/#\\\/schema\\\/logo\\\/image\\\/\",\"url\":\"https:\\\/\\\/access-im-unternehmen.de\\\/wp-content\\\/uploads\\\/2019\\\/09\\\/aiu_wp.png\",\"contentUrl\":\"https:\\\/\\\/access-im-unternehmen.de\\\/wp-content\\\/uploads\\\/2019\\\/09\\\/aiu_wp.png\",\"width\":370,\"height\":111,\"caption\":\"Andr\u00e9 Minhorst Verlag\"},\"image\":{\"@id\":\"https:\\\/\\\/access-im-unternehmen.de\\\/#\\\/schema\\\/logo\\\/image\\\/\"}}]}<\/script>\n<!-- \/ Yoast SEO Premium plugin. -->","yoast_head_json":{"title":"Access im Unternehmen 06\/2001 - Access im Unternehmen","robots":{"index":"noindex","follow":"follow"},"og_locale":"de_DE","og_type":"article","og_title":"Access im Unternehmen 06\/2001","og_description":"Access 2002 &#8211; lohnt sich der Umstieg? Die Verk\u00fcrzung der Produktzyklen von Microsoft Office von drei auf zwei Jahre l\u00e4sst zun\u00e4chst einmal darauf hoffen, dass Microsoft eine Menge von Neuerungen auf Lager hat und diese","og_url":"https:\/\/access-im-unternehmen.de\/88062001\/","og_site_name":"Access im Unternehmen","twitter_card":"summary_large_image","twitter_misc":{"Gesch\u00e4tzte Lesezeit":"3\u00a0Minuten"},"schema":{"@context":"https:\/\/schema.org","@graph":[{"@type":"WebPage","@id":"https:\/\/access-im-unternehmen.de\/88062001\/","url":"https:\/\/access-im-unternehmen.de\/88062001\/","name":"Access im Unternehmen 06\/2001 - Access im Unternehmen","isPartOf":{"@id":"https:\/\/access-im-unternehmen.de\/#website"},"datePublished":"2019-11-08T11:47:22+00:00","breadcrumb":{"@id":"https:\/\/access-im-unternehmen.de\/88062001\/#breadcrumb"},"inLanguage":"de","potentialAction":[{"@type":"ReadAction","target":["https:\/\/access-im-unternehmen.de\/88062001\/"]}]},{"@type":"BreadcrumbList","@id":"https:\/\/access-im-unternehmen.de\/88062001\/#breadcrumb","itemListElement":[{"@type":"ListItem","position":1,"name":"Home","item":"https:\/\/access-im-unternehmen.de\/"},{"@type":"ListItem","position":2,"name":"Access im Unternehmen 06\/2001"}]},{"@type":"WebSite","@id":"https:\/\/access-im-unternehmen.de\/#website","url":"https:\/\/access-im-unternehmen.de\/","name":"Access im Unternehmen","description":"Das Magazin f\u00fcr Datenbankentwickler auf Basis von Microsoft Access","publisher":{"@id":"https:\/\/access-im-unternehmen.de\/#organization"},"potentialAction":[{"@type":"SearchAction","target":{"@type":"EntryPoint","urlTemplate":"https:\/\/access-im-unternehmen.de\/?s={search_term_string}"},"query-input":{"@type":"PropertyValueSpecification","valueRequired":true,"valueName":"search_term_string"}}],"inLanguage":"de"},{"@type":"Organization","@id":"https:\/\/access-im-unternehmen.de\/#organization","name":"Andr\u00e9 Minhorst Verlag","url":"https:\/\/access-im-unternehmen.de\/","logo":{"@type":"ImageObject","inLanguage":"de","@id":"https:\/\/access-im-unternehmen.de\/#\/schema\/logo\/image\/","url":"https:\/\/access-im-unternehmen.de\/wp-content\/uploads\/2019\/09\/aiu_wp.png","contentUrl":"https:\/\/access-im-unternehmen.de\/wp-content\/uploads\/2019\/09\/aiu_wp.png","width":370,"height":111,"caption":"Andr\u00e9 Minhorst Verlag"},"image":{"@id":"https:\/\/access-im-unternehmen.de\/#\/schema\/logo\/image\/"}}]}},"_links":{"self":[{"href":"https:\/\/access-im-unternehmen.de\/data\/wp\/v2\/pages\/88062001","targetHints":{"allow":["GET"]}}],"collection":[{"href":"https:\/\/access-im-unternehmen.de\/data\/wp\/v2\/pages"}],"about":[{"href":"https:\/\/access-im-unternehmen.de\/data\/wp\/v2\/types\/page"}],"author":[{"embeddable":true,"href":"https:\/\/access-im-unternehmen.de\/data\/wp\/v2\/users\/1"}],"replies":[{"embeddable":true,"href":"https:\/\/access-im-unternehmen.de\/data\/wp\/v2\/comments?post=88062001"}],"version-history":[{"count":0,"href":"https:\/\/access-im-unternehmen.de\/data\/wp\/v2\/pages\/88062001\/revisions"}],"wp:attachment":[{"href":"https:\/\/access-im-unternehmen.de\/data\/wp\/v2\/media?parent=88062001"}],"curies":[{"name":"wp","href":"https:\/\/api.w.org\/{rel}","templated":true}]}}

<h3>Access 2002 &#8211; lohnt sich der Umstieg?</h3>
<p>Die Verkürzung der Produktzyklen von Microsoft Office von drei auf zwei Jahre lässt zunächst einmal darauf hoffen, dass Microsoft eine Menge von Neuerungen auf Lager hat und diese unbedingt der produktiven Klasse zur Verfügung stellen möchte. Was Access 2002 betrifft, drangen so manche Schlagworte an des Nutzers Ohr: Und alle diese Schlagworte begannen mit den drei Buchstaben XML. Darüber hinaus gab es nicht viel zu hören, und auch die Online-Hilfe von Access lässt sich die Würmer aus der Nase ziehen. Dabei gibt es eine ganze Menge von Neuheiten, die vor allem dem Entwickler von Access-Anwendungen eine Menge Freude bereiten werden.</p>
<p><a href="http://www.access-im-unternehmen.de/Access_2002__lohnt_sich_der_Umstieg?">Zum Artikel &#8230;</a></p>
<h3>Universelle Navigationsschaltflächen</h3>
<p>Die von Access zur Verfügung gestellten Navigationsschaltflächen lassen sich weder in ihrem Aussehen oder ihrer Größe verändern, noch können Sie deren Position beeinflussen. Es gibt allerdings gute Gründe, die eben genannten Dinge zu tun und die Navigationsschaltflächen an die eigenen Bedürfnisse anzupassen. Im vorliegenden Beitrag erfahren Sie, welche Gründe das sein können und wie Sie eigene, flexible Navigationsschaltflächen erstellen, die Sie in beliebige Formulare integrieren können.</p>
<p><a href="http://www.access-im-unternehmen.de/Universelle_Navigationsschaltflaechen">Zum Artikel &#8230;</a></p>
<h3>Feiertage berechnen mit Access</h3>
<p>&#8222;Feiertage berechnen &#8211; wozu soll das denn gut sein?&#8220;, werden Sie sich vielleicht jetzt fragen: &#8222;Die stehen doch alle in meinem Kalender!&#8220; Das ist durchaus richtig, sofern Sie noch nicht dazu übergegangen sind, Microsoft Outlook anstelle eines Kalenders zu verwenden. Hier ist es nämlich keineswegs selbstverständlich, dass alle vorhandenen Feiertage auch vermerkt sind. Sie müssen der Anwendung erst mitteilen, dass sie auch die Feiertage anzeigen soll. Auch zur Berechnung von Fristen ist die Kenntnis der Feiertage nicht unwichtig &#8211; es ist schließlich kein Zufall, dass Sie noch nie an einem Sonn- oder Feiertag ein Buch zur Bücherei zurückbringen mussten.</p>
<p><a href="http://www.access-im-unternehmen.de/Feiertage_berechnen_mit_Access">Zum Artikel &#8230;</a></p>
<h3>Fristen berechnen leicht gemacht</h3>
<p>Das Berechnen des Datums, an dem eine bestimmte Frist abgelaufen ist, sollte normalerweise keine besondere Schwierigkeit sein. Man nimmt das Anfangsdatum, addiert die gewünschte Anzahl Tage auf das Startdatum auf und &#8211; Pech gehabt! Leider auf einem Samstag oder Sonntag gelandet. Und für die fristgerechte Überweisung von Rechnungen an einem Samstag oder Sonntag kann man selbst im Zeitalter des Online-Banking nicht jeden begeistern. Also flugs das Datum auf den nächsten Montag geändert und fertig &#8211; aber muss das denn alles von Hand passieren? Nein. Mit den im Folgenden vorgestellten Methoden legen Sie jedes Ende einer Frist auf einen Wochentag. Und am Beispiel einer Bücherei erfahren Sie, wie die Methoden anzuwenden sind.</p>
<p><a href="http://www.access-im-unternehmen.de/Fristen_berechnen_leicht_gemacht">Zum Artikel &#8230;</a></p>
<h3>Bildverwaltung in Access</h3>
<p>Mit Microsoft Access können nicht nur die üblichen Daten wie Nachname, Vorname oder Artikelnummern, sondern beispielsweise auch Bilder gespeichert und mit der entsprechenden Funktionalität verwaltet werden. Typische Anwendungsbeispiele dafür sind beispielsweise Abildungen zu Artikeln und Produkten oder auch nur ein reines Bildarchiv.</p>
<p><a href="http://www.access-im-unternehmen.de/Bildverwaltung_in_Access">Zum Artikel &#8230;</a></p>
<h3>Der Euro-Assistent</h3>
<p>Es ist eine Binsenweisheit, dass große Entscheidungen einen Rattenschwanz von Konsequenzen auch im Kleinen nach sich ziehen können. Bezogen auf die Einführung des Euro und Microsoft Access bedeutet das beispielsweise, dass mit Sicherheit eine Unmenge von Währungsfeldern in Access-Tabellen auf die neue Währung umgestellt werden müssen. Schließlich muss in vielen Datenbankanwendungen mit diesen Feldern genau gerechnet werden. In diesem Beitrag lernen Sie einen Assistenten kennen, der Ihnen bei der Währungsumstellung Ihrer Access-Datenbank behilflich ist.</p>
<p><a href="http://www.access-im-unternehmen.de/Der_EuroAssistent">Zum Artikel &#8230;</a></p>
<h3>Tipps und Tricks 6/2001</h3>
<p>Diese Zusammenstellung von Tipps und Tricks behandelt die folgenden Themen:<br />
&#8211; Diskette, wo bist Du?<br />
&#8211; Der Schlüssel zur Zeit<br />
&#8211; Tage eines Monats bestimmen<br />
&#8211; Grenzfall<br />
&#8211; Anzahl der Kalenderwochen pro Jahr ermitteln<br />
&#8211; Dateipfade zerlegen</p>
<p><a href="http://www.access-im-unternehmen.de/Tipps_und_Tricks_6/2001">Zum Artikel &#8230;</a></p>

<p>Access 2002 &#8211; lohnt sich der Umstieg? Die Verkürzung der Produktzyklen von Microsoft Office von drei auf zwei Jahre lässt zunächst einmal darauf hoffen, dass Microsoft eine Menge von Neuerungen auf Lager hat und diese</p>

<!-- This site is optimized with the Yoast SEO Premium plugin v20.9 (Yoast SEO v27.5) - https://yoast.com/product/yoast-seo-premium-wordpress/ -->
<title>Access im Unternehmen 06/2001 - Access im Unternehmen</title>
<meta name="robots" content="noindex, follow" />
<meta property="og:locale" content="de_DE" />
<meta property="og:type" content="article" />
<meta property="og:title" content="Access im Unternehmen 06/2001" />
<meta property="og:description" content="Access 2002 &#8211; lohnt sich der Umstieg? Die Verkürzung der Produktzyklen von Microsoft Office von drei auf zwei Jahre lässt zunächst einmal darauf hoffen, dass Microsoft eine Menge von Neuerungen auf Lager hat und diese" />
<meta property="og:url" content="https://access-im-unternehmen.de/88062001/" />
<meta property="og:site_name" content="Access im Unternehmen" />
<meta name="twitter:card" content="summary_large_image" />
<meta name="twitter:label1" content="Geschätzte Lesezeit" />
	<meta name="twitter:data1" content="3 Minuten" />
<script type="application/ld+json" class="yoast-schema-graph">{"@context":"https:\/\/schema.org","@graph":[{"@type":"WebPage","@id":"https:\/\/access-im-unternehmen.de\/88062001\/","url":"https:\/\/access-im-unternehmen.de\/88062001\/","name":"Access im Unternehmen 06\/2001 - Access im Unternehmen","isPartOf":{"@id":"https:\/\/access-im-unternehmen.de\/#website"},"datePublished":"2019-11-08T11:47:22+00:00","breadcrumb":{"@id":"https:\/\/access-im-unternehmen.de\/88062001\/#breadcrumb"},"inLanguage":"de","potentialAction":[{"@type":"ReadAction","target":["https:\/\/access-im-unternehmen.de\/88062001\/"]}]},{"@type":"BreadcrumbList","@id":"https:\/\/access-im-unternehmen.de\/88062001\/#breadcrumb","itemListElement":[{"@type":"ListItem","position":1,"name":"Home","item":"https:\/\/access-im-unternehmen.de\/"},{"@type":"ListItem","position":2,"name":"Access im Unternehmen 06\/2001"}]},{"@type":"WebSite","@id":"https:\/\/access-im-unternehmen.de\/#website","url":"https:\/\/access-im-unternehmen.de\/","name":"Access im Unternehmen","description":"Das Magazin für Datenbankentwickler auf Basis von Microsoft Access","publisher":{"@id":"https:\/\/access-im-unternehmen.de\/#organization"},"potentialAction":[{"@type":"SearchAction","target":{"@type":"EntryPoint","urlTemplate":"https:\/\/access-im-unternehmen.de\/?s={search_term_string}"},"query-input":{"@type":"PropertyValueSpecification","valueRequired":true,"valueName":"search_term_string"}}],"inLanguage":"de"},{"@type":"Organization","@id":"https:\/\/access-im-unternehmen.de\/#organization","name":"André Minhorst Verlag","url":"https:\/\/access-im-unternehmen.de\/","logo":{"@type":"ImageObject","inLanguage":"de","@id":"https:\/\/access-im-unternehmen.de\/#\/schema\/logo\/image\/","url":"https:\/\/access-im-unternehmen.de\/wp-content\/uploads\/2019\/09\/aiu_wp.png","contentUrl":"https:\/\/access-im-unternehmen.de\/wp-content\/uploads\/2019\/09\/aiu_wp.png","width":370,"height":111,"caption":"André Minhorst Verlag"},"image":{"@id":"https:\/\/access-im-unternehmen.de\/#\/schema\/logo\/image\/"}}]}</script>
<!-- / Yoast SEO Premium plugin. -->

Access 2002 &#8211; lohnt sich der Umstieg? Die Verkürzung der Produktzyklen von Microsoft Office von drei auf zwei Jahre lässt zunächst einmal darauf hoffen, dass Microsoft eine Menge von Neuerungen auf Lager hat und diese

Das Magazin für Datenbankentwickler auf Basis von Microsoft Access

André Minhorst Verlag
